12. Let d = 329 + -385. Let o = -68 - d. Calculate n(o).
-24
Let a be (-6)/3 + -4 + -1. Let y(d) = 108*d - 61*d - 41*d + 35. Let l be y(a). Let t(g) = -g**2 - 7*g - 4. Determine t(l).
-4
Let w(r) be the third derivative of 1 + 1/24*r**4 + 2*r**2 - 1/2*r**3 + 1/30*r**5 + 0*r + 1/120*r**6. What is w(-3)?
-15
Let v(m) be the first derivative of -m**4/4 - m**3/3 - m**2 - 2*m + 2. Suppose -2928 = -13*c - 2954. Calculate v(c).
6
Let y(b) = -7*b - 5. Let q = -137 + 301. Suppose 29*r - q = -12*r. Determine y(r).
-33
Suppose -29*v + 184 = 126. Let j(t) = -t + 2. Let s(d) = 5*d - 9. Let r(l) = 9*j(l) + 2*s(l). Determine r(v).
2
Let z = -140 - -98. Let p = 48 + z. Let v(x) = -x**2 + 6*x + 6. Let y be v(p). Let i(c) = c**3 - 5*c**2 - 8*c + 5. What is i(y)?
-7
Let t(a) = -5*a - 122. Let i(u) = -3*u**3 + 240*u**2 + u - 104. Let o be i(80). What is t(o)?
-2
Let x be 2*2 - 37/37. Let d(m) = -5*m - m**2 - 5 + m**x - 8 - 9 + 36 - 16. Give d(4).
26
Let k(f) = -f**2 + 16*f + 16. Suppose -5*y = 2*d - 57, -16*d + 26 = -15*d + 2*y. What is k(d)?
16
Let w = 24 - 23. Let p(q) = 0*q + 4 + 8*q - 5*q**2 - q**3 + 4 - w. Suppose 0 = 3*s + s + 24. Give p(s).
-5
Let m = 378 + -375. Let o(v) = v**m - 24*v + 71*v - 24*v + v**2 + 5 - 24*v. What is o(0)?
5
Let r(v) be the second derivative of v**3/6 - 5*v**2/2 - 2*v + 9. Let x(m) = -m**3 - m**2 + 9. Let u be x(0). Let k be r(u). Let f(y) = -y - 1. Determine f(k).
-5
Suppose -80*z - 2160 = -90*z. Let g = z - 218. Let n(m) = 10*m - 2. Determine n(g).
-22
Let v = 381 + -373. Let a be (4 + 22)*4/v. Let d(c) = -c**3 + 14*c**2 - 12*c - 6. Give d(a).
7
Let c(b) = 2*b - 15. Let w be (-56)/4 + (4 - -17). Give c(w).
-1
Let n(f) = -f**2 - 6*f - 3. Let p be n(-6). Let k be (p/(-2))/(54/(-288)). Let o be (10/k)/((-5)/(-20)). Let v(a) = -a**2 - 7*a + 1. Calculate v(o).
11
Let w(t) = 4009 - 4*t**2 - 4011 - t + 0*t + 6*t**2 - 3*t**3 + 29*t**3. What is w(-1)?
-25
Suppose -64*s + 150*s - 75*s - 22 = 0. Let j(y) = -2*y**3 + 2*y**2 + y - 1. Let d(c) = -c**2 - c + 1. Let z(q) = 2*d(q) + j(q). Determine z(s).
-17
Let a(g) = -34*g**3 - 74*g**2 + 3*g + 7. Let p be a(-2). Let i(t) = t**3 + 22*t**2 - 23*t + 7. Determine i(p).
7
Suppose 0 = 22*j - 25*j + 99. Let h be (44/j)/((-2)/(-15)). Let q(p) = h*p - 2 - 3 + 1 - 11*p. What is q(-3)?
-1
Suppose -99*i = -79*i + 320. Let c(g) = -g**2 - 16*g + 20. Determine c(i).
20
Let n(b) = 6*b + 3. Let k be 85 + (-4)/20 + (-22)/(-10). Suppose -k*f = -80*f + 21. Give n(f).
-15
Let v(n) = n**2 + 9*n + 6. Let h = 883 - 595. Let a = h - 295. Give v(a).
-8
Let o(c) = 7*c + 3. Let z be (5/6)/(177/(-18) - -10). Let n(k) = -3*k - 1. Let l(u) = z*n(u) + 2*o(u). Give l(11).
-10
Let j(k) = -k + 2037*k**2 + 3 + k**3 - 2 - 2032*k**2 + 1. Let u = -406 + 402. Determine j(u).
22
Let f(n) be the second derivative of n**5/120 + 5*n**4/24 - 53*n**3/6 + 3*n - 4. Let q(l) be the second derivative of f(l). Determine q(-2).
3
Let r(i) be the first derivative of -i**7/840 + i**6/90 - i**4/8 - 8*i**3 - 3*i**2/2 - 13. Let c(t) be the third derivative of r(t). Give c(3).
6
Let t = 402 + -395. Let q(j) = 5*j - 9. Let s(w) = 2*w - 3. Let g(x) = t*s(x) - 3*q(x). Determine g(4).
2
Let p be (-6)/(-10) + 17/((-425)/15). Let d(k) = k**2 - 13*k + 14. Let g be d(12). Let h(w) = -2 - g*w + w - 3. Determine h(p).
-5
Let d(t) = -8*t + 1. Let y be (-1 + 1)*(-4)/((-16)/4). Let w(j) = -j**3 + j**2 + j + 16. Let m be w(y). Suppose 0 = -4*x + m - 24. What is d(x)?
17
Let m(r) be the third derivative of -2*r**2 + 0*r + 1/3*r**3 + 0 - 1/12*r**4. Let h = -18000 + 17998. Give m(h).
6
Let d(f) = -f**2 + 17*f - 24. Let h(m) = -m**3 + 45*m**2 - 94*m - 38. Let i be h(43). Let c = 398 + i. Calculate d(c).
-8
Let c(n) be the second derivative of -7*n**3 + 363*n**2/2 + 262*n - 1. Give c(9).
-15
Let n(r) = -r**3 + 6*r**2 - 2*r - 1. Suppose 235*b + 3*s + 30 = 238*b, -4*b + 15 = s. Calculate n(b).
14
Let g be -44*-1*5/10. Let c = g + -14. Suppose 20 = 3*p + c. Let w(f) = -2*f + 2. Calculate w(p).
-6
Suppose -3*n - 1 + 4 = 0. Let t(s) = -5*s + 5*s + n - 7*s. Let y(c) = -2*c - 49. Let l be y(-24). Determine t(l).
8
Suppose 2*i + 3*m - 263 = 0, -2*m - 399 - 119 = -4*i. Let b = i + -120. Let d(f) = -8 + 21 + 6*f + 3*f - f**2. Give d(b).
3
Let v(o) = -o**2 - 16*o - 26. Suppose -10*s + 28*s + 93 + 105 = 0. Give v(s).
29
Let j be (-2 - 10)/(-6) - -7. Let f(z) = -7*z**3 + 3*z**3 + 15*z**3 + j*z**2 - 10*z**2 + z**3. Determine f(1).
11
Let a(x) = -2*x + 1. Let p be a(0). Suppose -p = -3*q + 17. Let u(g) = g**3 - q - 6*g - 2*g**3 - 5*g**2 - g**2. Calculate u(-5).
-1
Suppose -8*n - 3*n = 15*n. Suppose 6 = -5*k + 21. Let f(y) = -y**3 + k*y**2 - 3*y**2 + 4. Give f(n).
4
Let n(w) be the first derivative of w**2/2 + 13*w - 27. Let m be n(-7). Let s(c) = 559*c + 3 - 1 + c**2 - 569*c. Determine s(m).
-22
Let y(s) = 2*s**2 - 104202068 + 104202199 - 23*s - s**2. Determine y(11).
-1
Let u(v) = -884*v - 6198. Let w be u(-7). Let s(x) = 7*x + 41. Determine s(w).
-29
Let m = 124 - 126. Let o(f) = -53*f + 20*f + f**2 + 35*f + 3 + f**3. Determine o(m).
-5
Let f(u) = 104*u**2 - 4366 - 101*u**2 + 4366 - u. Let y(v) = v**3 + 5*v**2 - 6*v + 1. Let c be y(-6). Give f(c).
2
Suppose -5*z = -4*v - 27, 3*v + 4*z = 8*v + 27. Let o(a) = a**2 - a + 1. Let t(y) = 0 + 7*y**2 + 2*y + 5 - y**2. Let u(k) = 3*o(k) - t(k). Calculate u(v).
-14
Suppose -g = 5*h + 6, -2*h - h + 1 = -4*g. Let c(o) = -344*o - 432*o - 1 + 759*o. Give c(g).
16
Let y be (2 + -6 + 6)*(-10)/4. Let c(h) be the first derivative of -2*h**3/3 - 3*h**2/2 + 7*h - 100. What is c(y)?
-28
Let i(p) = -13*p - 3. Suppose 138 = 6*w + 126. Let d be w + (-5 - 0/(-7)). Calculate i(d).
36
Let u(j) = j**3 - 7*j**2 + 4*j + 7. Suppose -i = -1, 0 = -b + 6*b + 5*i - 35. What is u(b)?
-5
Let i(z) = -z**2 - 13*z + 23. Let w be i(-14). Let r(b) = -b**3 - b + 1. Let y(u) = 6*u**3 - 8*u**2 - 3*u - 11. Let n(a) = 5*r(a) + y(a). Calculate n(w).
3
Let v(h) = -4*h**3 + h**2 - 30*h + 16. Let d(r) = -5*r**3 + 2*r**2 - 35*r + 16. Let p(l) = -5*d(l) + 6*v(l). Calculate p(2).
-2
Let o(u) = u**2 + 4*u - 1. Suppose 5*f - b = 8*f - 362, 2*f - 5*b = 230. Let j = f + -116. Suppose -q - 5*d = -20, 0 = 2*q + q + j*d - 5. Determine o(q).
4
Suppose -118*k = -115*k + 12. Let c(m) = -10*m + 9. Determine c(k).
49
Let s(i) = i**2 + 23*i - 11. Suppose -2956 - 2104 = -53*w + 273*w. What is s(w)?
-11
Let f(w) = w**2 + w + 2. Let x(t) be the second derivative of -5/2*t**3 + 18*t - 3/2*t**4 - 15*t**2 + 0. Let m(h) = 60*f(h) + 4*x(h). What is m(1)?
-12
Let t(m) = m**3 - 9*m**2 - 23*m + 7. Let x = -4642 + 4653. Determine t(x).
-4
Let y(n) = -4*n - 23. Let i = -4162 - -4158. What is y(i)?
-7
Let m(x) = 13*x. Let o(j) = 25*j - 1. Let w(k) = -4*m(k) + 2*o(k). Give w(-7).
12
Let q(u) = u**2 + 70*u - 51*u - 2 - 20*u. Let n(y) = 2*y**2 + y - 2. Let a(m) = 2*n(m) - 3*q(m). Determine a(-6).
8
Let b(f) = -3*f**3 - 6*f**2 - 13*f + 13. Let t(l) = -l**3 + l**2 - l. Let a(s) = -b(s) + 2*t(s). Let w be (4/6)/((-18)/162). What is a(w)?
-7
Let z(r) be the second derivative of -r**5/20 + 7*r**4/12 - 4*r**3/3 + 11*r**2/2 + 421*r. Give z(5).
21
Let i(u) be the second derivative of u**3/6 + 5*u**2/2 - 284*u. Let t(x) = x - 3. Let d be t(0). Determine i(d).
2
Let d(n) = -n**3 - 6*n**2 + n + 5. Let f be (2/5)/(2/20). Suppose c = -4*u - 331, 0 = -0*u - f*u + 5*c - 361. Let p = -90 - u. Calculate d(p).
-1
Let y be ((-532)/8)/(2/(-4)). Suppose 5*b - y = -d, 3*b - 3*d = -2*b + 121. Let j = b + -29. Let f(q) = q**2 - 2*q. Determine f(j).
15
Let o be 1254/(-152)*(-8)/(-3). Suppose -2*a - 84 = -p + 5*p, 2*a = -5*p - 106. Let u = o - p. Let w(l) = -l - 2. Calculate w(u).
-2
Let p(a) = -7*a**3. Suppose -2*y + 5*f = -5*y + 16, 0 = 2*y + 3*f - 9. Let l be 7 + (-2 - y - (6 + -3)). Suppose l*c - 6*c = -1. What is p(c)?
-7
Let a(z) = z**3 + 28*z**2 + 53*z + 24. Let i be a(-26). Let y(r) = -r**3 + r**2 + 1. Let m(n) = 3*n**3 - n**2 - 2*n - 1. Let h(w) = m(w) + 2*y(w). What is h(i)?
1
Let i(o) = 51*o**2 - 13*o - 11. Let h(a) = 25*a**2 - 6*a - 5. Let l(m) = 13*h(m) - 6*i(m). Determine l(1).
20
Let d(q) = -41*q + 1923. Let z be d(47). Let s(j) = j**3 + 7*j**2 + 5*j + 2. Give s(z).
30
Suppose -3*s + 27*d + 3 = 24*d, 0 = 4*s + 5*d - 49. Let b(u) be the second derivative of -20*u + 2*u**3 - 1/12*u**4 - s*u**2 + 0. Calculate b(8).
20
Let 